?
-10120021012221
What is 382a3 (base 15) in base 8?
536426
What is 3214240414 (base 5) in base 14?
c8a75b
Convert 15dbcd (base 16) to base 13.
3b2063
Convert 21220112001020 (base 3) to base 9.
7815036
-150366 (base 7) to base 14
-a7dd
Convert -a4ba19 (base 14) to base 6.
-315131331
43341323 (base 5) to base 16
5ab07
What is 46e07c (base 15) in base 3?
20101011022100
What is 2555043 (base 6) in base 12?
68a83
244444 (base 8) to base 11
58340
Convert 162ba6 (base 16) to base 12.
5a0a06
13314 (base 15) to base 7
344065
Convert 5920 (base 15) to base 12.
ab56
-315422243 (base 6) to base 5
-2412230131
Convert -3a4956 (base 11) to base 14.
-127b13
What is -755942 (base 10) in base 11?
-476a50
What is 2307210 (base 10) in base 15?
308940
Convert -4623233 (base 8) to base 15.
-19bd12
Convert 13625521 (base 7) to base 14.
255d81
Convert 3005 (base 16) to base 13.
5798
Convert -470454 (base 8) to base 5.
-20110134
What is 6229716 (base 11) in base 9?
22615333
Convert -443310424 (base 5) to base 10.
-1931989
What is -2227500 (base 8) in base 2?
-10010010111101000000
Convert 212022202012 (base 3) to base 6.
13501222
What is 34f41 (base 16) in base 2?
110100111101000001
-55329 (base 15) to base 3
-111202100110
-650645 (base 8) to base 4
-311012211
Convert -221021121002 (base 3) to base 16.
-797cc
What is -10000100111100011011 (base 2) in base 7?
-4425402
Convert -20132643 (base 7) to base 5.
-412001412
371077 (base 8) to base 3
20110222010
What is -d3bb9b (base 14) in base 6?
-413004541
What is -308579 (base 10) in base 6?
-10340335
Convert -235745 (base 9) to base 2.
-100010101011010010
20004251 (base 7) to base 4
12102133100
What is -821b1 (base 14) in base 13?
-ac70a
78312 (base 10) to base 7
444213
110101110111101010010 (base 2) to base 12
711642
Convert 2b840 (base 15) to base 14.
3916b
What is -211333011 (base 4) in base 2?
-100101111111000101
2330003212 (base 4) to base 11
4867a3
Convert 23654045 (base 8) to base 14.
995021
110200200012 (base 3) to base 15
4e03e
Convert -57008 (base 14) to base 10.
-211296
Convert 3331110323 (base 4) to base 10.
1037627
Convert 21254162 (base 7) to base 3.
10102001100102
Convert -121221111000 (base 3) to base 13.
-b8a52
What is 10111011001000001 (base 2) in base 15?
1d5c4
-110100000001000011 (base 2) to base 14
-57907
-1102301313 (base 4) to base 13
-bb43a
Convert 575647 (base 8) to base 15.
3cdd0
101010011010110110 (base 2) to base 9
284305
5344 (base 16) to base 2
101001101000100
What is -508807 (base 9) in base 4?
-1021222210
3744430 (base 8) to base 14
1cd024
What is -2312103222 (base 4) in base 7?
-6230025
11353 (base 11) to base 7
65536
151093 (base 14) to base 3
1101020011220
What is 10120000021020 (base 3) in base 5?
440433023
What is -13031330 (base 4) in base 9?
-44488
-6a282c (base 15) to base 7
-61050345
Convert -1665150 (base 9) to base 3.
-1202012011200
Convert 20477 (base 16) to base 12.
6461b
What is -289d9 (base 16) in base 12?
-80335
Convert 62561003 (base 7) to base 10.
5275343
Convert -112986 (base 13) to base 15.
-803d9
What is 3711116 (base 10) in base 8?
16120214
Convert 44a2a4 (base 11) to base 12.
2a672a
Convert -249202 (base 10) to base 16.
-3cd72
-11120234 (base 5) to base 4
-113332102
What is 104460022 (base 7) in base 10?
6317047
What is -13467d (base 14) in base 12?
-281047
-15651b9 (base 12) to base 6
-233305153
What is 10145655 (base 8) in base 5?
1022234133
Convert -882064 (base 10) to base 13.
-24b641
Convert -12521224 (base 6) to base 15.
-82e84
-3a084 (base 16) to base 11
-152651
410033 (base 5) to base 9
20023
What is -137c553 (base 13) in base 14?
-b67aba
What is -262085 (base 14) in base 15?
-1ad9ee
-6053465 (base 8) to base 7
-16362461
Convert 134241231 (base 5) to base 14.
141b3b
Convert 212112210221102 (base 3) to base 7.
211242002
Convert 563343 (base 8) to base 13.
68742
What is -559295 (base 10) in base 11?
-352230
18b523 (base 13) to base 15
c51ec
What is 11707226 (base 8) in base 10?
2592406
What is 141238 (base 9) in base 4?
111003023
Convert 934b1 (base 13) to base 15.
5355a
What is -aa3f3 (base 16) in base 14?
-1421b5
-6810004 (base 10) to base 4
-121332212110
Convert -110220101100111 (base 3) to base 9.
-13811314
What is 101001110100100010000 (base 2) in base 14?
2795a8
-95997b (base 13) to base 6
-203050422
Convert 7448 (base 14) to base 12.
b734
What is -1485730 (base 9) in base 14?
-1765d2
What is -2c8214 (base 16) in base 7?
-33536015
What is 15717625 (base 9) in base 5?
4003200230
Convert 1046857 (base 11) to base 3.
10110102211100
What is -23200202 (base 4) in base 3?
-2101122212
-10022110201 (base 3) to base 13
-238c3
Convert 47407311 (base 8) to base 15.
d9929d
4067170 (base 9) to base 5
1023423002
What is -3057741 (base 10) in base 6?
-145312113
Convert -46900 (base 13) to base 6.
-2432551
What is -303000003 (base 4) in base 10?
-208899
Convert -122541426 (base 7) to base 15.
-a2db23
What is -421305041 (base 6) in base 14?
-d9450d
Convert 1001100001011101111111 (base 2) to base 8.
11413577
What is -30135147 (base 8) in base 14?
-bb02a3
What is 2a64be (base 16) in base 4?
22212102332
What is 608247 (base 9) in base 13?
c801a
Convert 10c32 (base 14) to base 10.
40812
-1000100010010000111001 (base 2) to base 10
-2237497
What is -11101011000100011111 (base 2) in base 11?
-5a8446
What is 572a59 (base 12) in base 16?
154665
Convert 14431295 (base 10) to base 15.
1400e15
41103 (base 15) to base 8
622427
Convert 234662233 (base 7) to base 13.
30395bc
What is -1557c0d (base 14) in base 6?
-1011333421
Convert -10010101000100000100 (base 2) to base 3.
-1011000112111
What is -1c5bd1 (base 14) in base 6?
-33430255
What is 1013312122 (base 4) in base 14?
79374
Convert -20272 (base 11) to base 12.
-1516b
What is 11030536 (base 7) in base 6?
32155551
1011100010110100 (base 2) to base 5
3003114
-412355 (base 8) to base 15
-2a654
What is 100010000111011 (base 2) in base 10?
17467
3a6222 (base 15) to base 8
12546563
11d133 (base 14) to base 8
2253471
110113103311 (base 4) to base 10
5338357
What is 2022222012 (base 3) in base 14?
12a2d
Convert -79a61 (base 12) to base 16.
-279a9
20456261 (base 9) to base 13
206680c
What is 221021001 (base 3) in base 2?
100011111101111
Convert 302301 (base 9) to base 12.
87601
-11111110000011000000011 (base 2) to base 8
-37603003
Convert 11344132 (base 6) to base 15.
7074e
Convert 3d7c6 (base 14) to base 10.
152466
3467c (base 14) to base 2
11111001000010110
What is 202000210 (base 3) in base 7?
60366
11279610 (base 10) to base 8
53016372
Convert 10001111111110100 (base 2) to base 14.
1cc16
-379a30 (base 11) to base 10
-598862
4a4748 (base 14) to base 12
a2a564
Convert 331671 (base 8) to base 9.
180008
Convert 101211210111 (base 3) to base 7.
1546204
Convert -231213431 (base 5) to base 16.
-fd918
What is 100343314 (base 5) in base 11?
255827
What is -1291844 (base 10) in base 9?
-2378062
What is -63144 (base 8) in base 7?
-136264
-ca49 (base 14) to base 2
-1000100010001001
-299812 (base 15) to base 14
-3a3383
Convert 12a0384 (base 12) to base 15.
4cdbca
Convert -101021200011111 (base 3) to base 16.
-53655a
Convert -101111000100101010 (base 2) to base 10.
-192810
What is -300013210212 (base 4) in base 14?
-1964caa
What is 313ba (base 14) in base 12?
58874
What is -40766 (base 8) in base 12?
-9932
Convert -4011312014 (base 5) to base 4.
-132030233131
47314 (base 11) to base 6
1244003
-303103452 (base 6) to base 9
-10675715
Convert -1010220111100 (base 3) to base 16.
-9485a
Convert 4332031 (base 5) to base 7.
425535
Convert -6177754 (base 8) to base 5.
-404412010
Convert -1138a06 (base 12) to base 10.
-3312294
1117477 (base 8) to base 10
302911
Convert -1b1450 (base 12) to base 4.
-1311000330
What is 665023 (base 7) in base 6?
2301324
Convert -194178 (base 11) to base 4.
-1020311232
Convert 100000001111011011010 (base 2) to base 9.
1880180
What is 12122564 (base 8) in base 14?
4d4ab2
What is 101110111111000010 (base 2) in base 16?
2efc2
1125305503 (base 6) to base 7
211612653
-7427164 (base 9) to base 11
-2275236
-26350 (base 12) to base 14
-15100
Convert 48994 (base 10) to base 2.
1011111101100010
What is -2673647 (base 10) in base 15?
-37c2d2
What is 5cb14 (base 13) in base 14?
46497
Convert -13293597 (base 10) to base 16.
-cad81d
3223123